[INFO] cloning repository https://github.com/TGElder/hanger-lane
[INFO] running `Command { std: "git" "-c" "credential.helper=" "-c" "credential.helper=/workspace/cargo-home/bin/git-credential-null" "clone" "--bare" "https://github.com/TGElder/hanger-lane" "/workspace/cache/git-repos/https%3A%2F%2Fgithub.com%2FTGElder%2Fhanger-lane", kill_on_drop: false }`
[INFO] [stderr] Cloning into bare repository '/workspace/cache/git-repos/https%3A%2F%2Fgithub.com%2FTGElder%2Fhanger-lane'...
[INFO] running `Command { std: "git" "rev-parse" "HEAD", kill_on_drop: false }`
[INFO] [stdout] 0ea41fbc213bf44e10f7e801bd2a4e3e5ba5bac5
[INFO] checking TGElder/hanger-lane against try#72f88fc4e9458f89516a0b8b0868f3718aec5b47 for pr-74989
[INFO] running `Command { std: "git" "clone" "/workspace/cache/git-repos/https%3A%2F%2Fgithub.com%2FTGElder%2Fhanger-lane" "/workspace/builds/worker-11/source", kill_on_drop: false }`
[INFO] [stderr] Cloning into '/workspace/builds/worker-11/source'...
[INFO] [stderr] done.
[INFO] validating manifest of git repo https://github.com/TGElder/hanger-lane on toolchain 72f88fc4e9458f89516a0b8b0868f3718aec5b47
[INFO] running `Command { std: "/workspace/cargo-home/bin/cargo" "+72f88fc4e9458f89516a0b8b0868f3718aec5b47" "read-manifest" "--manifest-path" "Cargo.toml", kill_on_drop: false }`
[INFO] started tweaking git repo https://github.com/TGElder/hanger-lane
[INFO] removed workspace from git repo https://github.com/TGElder/hanger-lane
[INFO] removed path dependency network from git repo https://github.com/TGElder/hanger-lane
[INFO] finished tweaking git repo https://github.com/TGElder/hanger-lane
[INFO] tweaked toml for git repo https://github.com/TGElder/hanger-lane written to /workspace/builds/worker-11/source/Cargo.toml
[INFO] crate git repo https://github.com/TGElder/hanger-lane already has a lockfile, it will not be regenerated
[INFO] running `Command { std: "/workspace/cargo-home/bin/cargo" "+72f88fc4e9458f89516a0b8b0868f3718aec5b47" "fetch" "--locked" "--manifest-path" "Cargo.toml", kill_on_drop: false }`
[INFO] [stderr] warning: dependency (network) specified without providing a local path, Git repository, or version to use. This will be considered an error in future versions
[INFO] [stderr]     Updating crates.io index
[INFO] [stderr] error: the lock file /workspace/builds/worker-11/source/Cargo.lock needs to be updated but --locked was passed to prevent this
[INFO] [stderr] If you want to try to generate the lock file without accessing the network, use the --offline flag.
[INFO] the lockfile is outdated, regenerating it
[INFO] running `Command { std: "/workspace/cargo-home/bin/cargo" "+72f88fc4e9458f89516a0b8b0868f3718aec5b47" "generate-lockfile" "--manifest-path" "Cargo.toml" "-Zno-index-update", kill_on_drop: false }`
[INFO] running `Command { std: "/workspace/cargo-home/bin/cargo" "+72f88fc4e9458f89516a0b8b0868f3718aec5b47" "fetch" "--locked" "--manifest-path" "Cargo.toml", kill_on_drop: false }`
[INFO] [stderr] warning: dependency (network) specified without providing a local path, Git repository, or version to use. This will be considered an error in future versions
[INFO] [stderr]  Downloading crates ...
[INFO] [stderr]   Downloaded hamcrest v0.1.5
[INFO] [stderr]   Downloaded network v0.1.0
[INFO] running `Command { std: "docker" "create" "-v" "/var/lib/crater-agent-workspace/builds/worker-11/target:/opt/rustwide/target:rw,Z" "-v" "/var/lib/crater-agent-workspace/builds/worker-11/source:/opt/rustwide/workdir:ro,Z" "-v" "/var/lib/crater-agent-workspace/cargo-home:/opt/rustwide/cargo-home:ro,Z" "-v" "/var/lib/crater-agent-workspace/rustup-home:/opt/rustwide/rustup-home:ro,Z" "-e" "SOURCE_DIR=/opt/rustwide/workdir" "-e" "CARGO_TARGET_DIR=/opt/rustwide/target" "-e" "CARGO_HOME=/opt/rustwide/cargo-home" "-e" "RUSTUP_HOME=/opt/rustwide/rustup-home" "-w" "/opt/rustwide/workdir" "-m" "1610612736" "--user" "0:0" "--network" "none" "rustops/crates-build-env@sha256:d92eaeed33fa75130ca1ee6c8a01d1ffb62bac859dfdfb3450e3e5d1c0146529" "/opt/rustwide/cargo-home/bin/cargo" "+72f88fc4e9458f89516a0b8b0868f3718aec5b47" "metadata" "--no-deps" "--format-version=1", kill_on_drop: false }`
[INFO] [stderr] WARNING: Your kernel does not support swap limit capabilities or the cgroup is not mounted. Memory limited without swap.
[INFO] [stdout] 524dd7903de1252eabcccdce3b6cbd98ed9d1ba2ec3b55eae3cf87166c0596cc
[INFO] running `Command { std: "docker" "start" "-a" "524dd7903de1252eabcccdce3b6cbd98ed9d1ba2ec3b55eae3cf87166c0596cc", kill_on_drop: false }`
[INFO] running `Command { std: "docker" "inspect" "524dd7903de1252eabcccdce3b6cbd98ed9d1ba2ec3b55eae3cf87166c0596cc", kill_on_drop: false }`
[INFO] running `Command { std: "docker" "rm" "-f" "524dd7903de1252eabcccdce3b6cbd98ed9d1ba2ec3b55eae3cf87166c0596cc", kill_on_drop: false }`
[INFO] [stdout] 524dd7903de1252eabcccdce3b6cbd98ed9d1ba2ec3b55eae3cf87166c0596cc
[INFO] running `Command { std: "docker" "create" "-v" "/var/lib/crater-agent-workspace/builds/worker-11/target:/opt/rustwide/target:rw,Z" "-v" "/var/lib/crater-agent-workspace/builds/worker-11/source:/opt/rustwide/workdir:ro,Z" "-v" "/var/lib/crater-agent-workspace/cargo-home:/opt/rustwide/cargo-home:ro,Z" "-v" "/var/lib/crater-agent-workspace/rustup-home:/opt/rustwide/rustup-home:ro,Z" "-e" "SOURCE_DIR=/opt/rustwide/workdir" "-e" "CARGO_TARGET_DIR=/opt/rustwide/target" "-e" "CARGO_INCREMENTAL=0" "-e" "RUST_BACKTRACE=full" "-e" "RUSTFLAGS=--cap-lints=forbid" "-e" "CARGO_HOME=/opt/rustwide/cargo-home" "-e" "RUSTUP_HOME=/opt/rustwide/rustup-home" "-w" "/opt/rustwide/workdir" "-m" "1610612736" "--user" "0:0" "--network" "none" "rustops/crates-build-env@sha256:d92eaeed33fa75130ca1ee6c8a01d1ffb62bac859dfdfb3450e3e5d1c0146529" "/opt/rustwide/cargo-home/bin/cargo" "+72f88fc4e9458f89516a0b8b0868f3718aec5b47" "check" "--frozen" "--all" "--all-targets" "--message-format=json", kill_on_drop: false }`
[INFO] [stderr] WARNING: Your kernel does not support swap limit capabilities or the cgroup is not mounted. Memory limited without swap.
[INFO] [stdout] aa1c81f9603e28b0c79e21ffcbedec59e9b03b130886b6cca4c58ab06e35118f
[INFO] running `Command { std: "docker" "start" "-a" "aa1c81f9603e28b0c79e21ffcbedec59e9b03b130886b6cca4c58ab06e35118f", kill_on_drop: false }`
[INFO] [stderr] warning: dependency (network) specified without providing a local path, Git repository, or version to use. This will be considered an error in future versions
[INFO] [stderr]    Compiling autocfg v0.1.7
[INFO] [stderr]    Compiling cfg-if v0.1.10
[INFO] [stderr]     Checking lazy_static v0.2.11
[INFO] [stderr]    Compiling syn v1.0.40
[INFO] [stderr]     Checking rustc-serialize v0.3.24
[INFO] [stderr]    Compiling serde v1.0.116
[INFO] [stderr]     Checking shader_version v0.3.0
[INFO] [stderr]    Compiling memchr v2.3.3
[INFO] [stderr]     Checking linked-hash-map v0.5.3
[INFO] [stderr]     Checking piston-texture v0.6.0
[INFO] [stderr]     Checking strsim v0.7.0
[INFO] [stderr]     Checking vec_map v0.8.2
[INFO] [stderr]     Checking network v0.1.0
[INFO] [stderr]    Compiling num-integer v0.1.43
[INFO] [stderr]     Checking thread_local v0.3.6
[INFO] [stderr]     Checking vecmath v0.3.1
[INFO] [stderr]    Compiling x11-dl v2.18.5
[INFO] [stderr]     Checking textwrap v0.9.0
[INFO] [stderr]    Compiling phf v0.7.24
[INFO] [stderr]    Compiling bitflags v1.2.1
[INFO] [stderr]    Compiling proc-macro2 v1.0.21
[INFO] [stderr]    Compiling log v0.4.11
[INFO] [stderr]     Checking shared_library v0.1.9
[INFO] [stderr]     Checking atty v0.2.14
[INFO] [stderr]    Compiling xml-rs v0.7.0
[INFO] [stderr]     Checking stb_truetype v0.3.1
[INFO] [stderr]     Checking fs2 v0.2.5
[INFO] [stderr]     Checking clap v2.31.2
[INFO] [stderr]    Compiling serde_json v0.9.10
[INFO] [stderr]     Checking osmesa-sys v0.1.2
[INFO] [stderr]     Checking memmap v0.4.0
[INFO] [stderr]    Compiling log v0.3.9
[INFO] [stderr]    Compiling rand_pcg v0.1.2
[INFO] [stderr]    Compiling rand_chacha v0.1.1
[INFO] [stderr]    Compiling rand v0.6.5
[INFO] [stderr]     Checking stb_truetype v0.2.8
[INFO] [stderr]     Checking rusttype v0.2.4
[INFO] [stderr]     Checking num-iter v0.1.41
[INFO] [stderr]    Compiling quote v1.0.7
[INFO] [stderr]     Checking aho-corasick v0.6.10
[INFO] [stderr]     Checking png v0.11.0
[INFO] [stderr]    Compiling gl_generator v0.7.0
[INFO] [stderr]    Compiling gl_generator v0.6.1
[INFO] [stderr]     Checking regex v0.2.11
[INFO] [stderr]     Checking piston2d-graphics v0.24.0
[INFO] [stderr]    Compiling phf_generator v0.7.24
[INFO] [stderr]    Compiling gl v0.7.0
[INFO] [stderr]     Checking num-bigint v0.1.44
[INFO] [stderr]     Checking num-complex v0.1.43
[INFO] [stderr]    Compiling glutin v0.10.1
[INFO] [stderr]    Compiling phf_codegen v0.7.24
[INFO] [stderr]    Compiling target_build_utils v0.3.1
[INFO] [stderr]     Checking num-rational v0.1.42
[INFO] [stderr]     Checking image v0.18.0
[INFO] [stderr]     Checking num v0.1.42
[INFO] [stderr]     Checking hamcrest v0.1.5
[INFO] [stderr]    Compiling serde_derive v1.0.116
[INFO] [stderr]    Compiling libloading v0.3.4
[INFO] [stderr]     Checking piston2d-opengl_graphics v0.50.0
[INFO] [stderr]     Checking dlib v0.3.1
[INFO] [stderr]     Checking wayland-sys v0.9.10
[INFO] [stderr]     Checking wayland-client v0.9.10
[INFO] [stderr]     Checking wayland-protocols v0.9.10
[INFO] [stderr]     Checking wayland-kbd v0.9.1
[INFO] [stderr]     Checking pistoncore-input v0.20.0
[INFO] [stderr]     Checking wayland-window v0.8.0
[INFO] [stderr]     Checking winit v0.8.3
[INFO] [stderr]     Checking pistoncore-window v0.30.0
[INFO] [stderr]     Checking pistoncore-event_loop v0.35.0
[INFO] [stderr]     Checking piston v0.35.0
[INFO] [stderr]     Checking pistoncore-glutin_window v0.43.0
[INFO] [stderr]     Checking hanger_lane v0.1.0 (/opt/rustwide/workdir)
[INFO] [stdout] error[E0432]: unresolved import `network::Edge`
[INFO] [stdout]   --> src/city.rs:38:5
[INFO] [stdout]    |
[INFO] [stdout] 38 | use network::Edge;
[INFO] [stdout]    |     ^^^^^^^^^^^^^ no `Edge` in the root
[INFO] [stdout] 
[INFO] [stdout] 
[INFO] [stdout] error[E0432]: unresolved import `network::Edge`
[INFO] [stdout]    --> src/city.rs:115:9
[INFO] [stdout]     |
[INFO] [stdout] 115 |     use network::Edge;
[INFO] [stdout]     |         ^^^^^^^^^^^^^ no `Edge` in the root
[INFO] [stdout] 
[INFO] [stdout] 
[INFO] [stdout] error[E0432]: unresolved import `network::Network`
[INFO] [stdout]  --> src/steps/lookahead_driver.rs:1:5
[INFO] [stdout]   |
[INFO] [stdout] 1 | use network::Network;
[INFO] [stdout]   |     ^^^^^^^^^^^^^^^^ no `Network` in the root
[INFO] [stdout] 
[INFO] [stdout] 
[INFO] [stdout] error[E0432]: unresolved import `network::Edge`
[INFO] [stdout]   --> src/city.rs:38:5
[INFO] [stdout]    |
[INFO] [stdout] 38 | use network::Edge;
[INFO] [stdout]    |     ^^^^^^^^^^^^^ no `Edge` in the root
[INFO] [stdout] 
[INFO] [stdout] 
[INFO] [stdout] error[E0432]: unresolved import `network::Network`
[INFO] [stdout]  --> src/steps/lookahead_driver.rs:1:5
[INFO] [stdout]   |
[INFO] [stdout] 1 | use network::Network;
[INFO] [stdout]   |     ^^^^^^^^^^^^^^^^ no `Network` in the root
[INFO] [stdout] 
[INFO] [stdout] 
[INFO] [stdout] error[E0432]: unresolved imports `network::Edge`, `network::Network`
[INFO] [stdout]   --> src/steps/lookahead_driver.rs:83:19
[INFO] [stdout]    |
[INFO] [stdout] 83 |     use network::{Edge, Network};
[INFO] [stdout]    |                   ^^^^  ^^^^^^^ no `Network` in the root
[INFO] [stdout]    |                   |
[INFO] [stdout]    |                   no `Edge` in the root
[INFO] [stdout] 
[INFO] [stdout] 
[INFO] [stdout] warning: trait objects without an explicit `dyn` are deprecated
[INFO] [stdout]   --> src/simulation.rs:13:18
[INFO] [stdout]    |
[INFO] [stdout] 13 |     pub rng: Box<Rng>,
[INFO] [stdout]    |                  ^^^ help: use `dyn`: `dyn Rng`
[INFO] [stdout]    |
[INFO] [stdout]    = note: `#[warn(bare_trait_objects)]` on by default
[INFO] [stdout] 
[INFO] [stdout] 
[INFO] [stdout] warning: trait objects without an explicit `dyn` are deprecated
[INFO] [stdout]   --> src/simulation.rs:21:86
[INFO] [stdout]    |
[INFO] [stdout] 21 |     fn update(&self, vehicle: &mut Vehicle, occupancy: &mut Occupancy, rng: &mut Box<Rng>);
[INFO] [stdout]    |                                                                                      ^^^ help: use `dyn`: `dyn Rng`
[INFO] [stdout] 
[INFO] [stdout] 
[INFO] [stdout] warning: trait objects without an explicit `dyn` are deprecated
[INFO] [stdout]   --> src/simulation.rs:25:26
[INFO] [stdout]    |
[INFO] [stdout] 25 |     pub updates: Vec<Box<VehicleUpdate>>,
[INFO] [stdout]    |                          ^^^^^^^^^^^^^ help: use `dyn`: `dyn VehicleUpdate`
[INFO] [stdout] 
[INFO] [stdout] 
[INFO] [stdout] warning: trait objects without an explicit `dyn` are deprecated
[INFO] [stdout]   --> src/simulation.rs:43:24
[INFO] [stdout]    |
[INFO] [stdout] 43 |     pub steps: Vec<Box<SimulationStep>>,
[INFO] [stdout]    |                        ^^^^^^^^^^^^^^ help: use `dyn`: `dyn SimulationStep`
[INFO] [stdout] 
[INFO] [stdout] 
[INFO] [stdout] warning: trait objects without an explicit `dyn` are deprecated
[INFO] [stdout]   --> src/steps/lookahead_driver.rs:47:86
[INFO] [stdout]    |
[INFO] [stdout] 47 |     fn update(&self, vehicle: &mut Vehicle, occupancy: &mut Occupancy, rng: &mut Box<Rng>) {
[INFO] [stdout]    |                                                                                      ^^^ help: use `dyn`: `dyn Rng`
[INFO] [stdout] 
[INFO] [stdout] 
[INFO] [stdout] warning: trait objects without an explicit `dyn` are deprecated
[INFO] [stdout]   --> src/steps/block_occupier.rs:17:87
[INFO] [stdout]    |
[INFO] [stdout] 17 |     fn update(&self, vehicle: &mut Vehicle, occupancy: &mut Occupancy, _rng: &mut Box<Rng>) {
[INFO] [stdout]    |                                                                                       ^^^ help: use `dyn`: `dyn Rng`
[INFO] [stdout] 
[INFO] [stdout] 
[INFO] [stdout] warning: trait objects without an explicit `dyn` are deprecated
[INFO] [stdout]   --> src/steps/block_occupier.rs:37:87
[INFO] [stdout]    |
[INFO] [stdout] 37 |     fn update(&self, vehicle: &mut Vehicle, occupancy: &mut Occupancy, _rng: &mut Box<Rng>) {
[INFO] [stdout]    |                                                                                       ^^^ help: use `dyn`: `dyn Rng`
[INFO] [stdout] 
[INFO] [stdout] 
[INFO] [stdout] warning: trait objects without an explicit `dyn` are deprecated
[INFO] [stdout]   --> src/steps/traffic_lights.rs:13:24
[INFO] [stdout]    |
[INFO] [stdout] 13 |     timer: RefCell<Box<Timer>>,
[INFO] [stdout]    |                        ^^^^^ help: use `dyn`: `dyn Timer`
[INFO] [stdout] 
[INFO] [stdout] 
[INFO] [stdout] warning: trait objects without an explicit `dyn` are deprecated
[INFO] [stdout]   --> src/steps/traffic_lights.rs:19:59
[INFO] [stdout]    |
[INFO] [stdout] 19 |     pub fn new(nodes: Vec<Vec<usize>>, timer: RefCell<Box<Timer>>, occupancy: &mut Occupancy) -> TrafficLights {
[INFO] [stdout]    |                                                           ^^^^^ help: use `dyn`: `dyn Timer`
[INFO] [stdout] 
[INFO] [stdout] 
[INFO] [stdout] warning: unnecessary parentheses around function argument
[INFO] [stdout]    --> src/city.rs:136:44
[INFO] [stdout]     |
[INFO] [stdout] 136 |         let mut cells = Vec::with_capacity((city.width * city.height * 4));
[INFO] [stdout]     |                                            ^^^^^^^^^^^^^^^^^^^^^^^^^^^^^^ help: remove these parentheses
[INFO] [stdout]     |
[INFO] [stdout]     = note: `#[warn(unused_parens)]` on by default
[INFO] [stdout] 
[INFO] [stdout] 
[INFO] [stdout] warning: trait objects without an explicit `dyn` are deprecated
[INFO] [stdout]   --> src/simulation.rs:13:18
[INFO] [stdout]    |
[INFO] [stdout] 13 |     pub rng: Box<Rng>,
[INFO] [stdout]    |                  ^^^ help: use `dyn`: `dyn Rng`
[INFO] [stdout]    |
[INFO] [stdout]    = note: `#[warn(bare_trait_objects)]` on by default
[INFO] [stdout] 
[INFO] [stdout] 
[INFO] [stdout] warning: trait objects without an explicit `dyn` are deprecated
[INFO] [stdout]   --> src/simulation.rs:21:86
[INFO] [stdout]    |
[INFO] [stdout] 21 |     fn update(&self, vehicle: &mut Vehicle, occupancy: &mut Occupancy, rng: &mut Box<Rng>);
[INFO] [stdout]    |                                                                                      ^^^ help: use `dyn`: `dyn Rng`
[INFO] [stdout] 
[INFO] [stdout] 
[INFO] [stdout] warning: trait objects without an explicit `dyn` are deprecated
[INFO] [stdout]   --> src/simulation.rs:25:26
[INFO] [stdout]    |
[INFO] [stdout] 25 |     pub updates: Vec<Box<VehicleUpdate>>,
[INFO] [stdout]    |                          ^^^^^^^^^^^^^ help: use `dyn`: `dyn VehicleUpdate`
[INFO] [stdout] 
[INFO] [stdout] 
[INFO] [stdout] warning: trait objects without an explicit `dyn` are deprecated
[INFO] [stdout]   --> src/simulation.rs:43:24
[INFO] [stdout]    |
[INFO] [stdout] 43 |     pub steps: Vec<Box<SimulationStep>>,
[INFO] [stdout]    |                        ^^^^^^^^^^^^^^ help: use `dyn`: `dyn SimulationStep`
[INFO] [stdout] 
[INFO] [stdout] 
[INFO] [stdout] warning: trait objects without an explicit `dyn` are deprecated
[INFO] [stdout]   --> src/steps/lookahead_driver.rs:47:86
[INFO] [stdout]    |
[INFO] [stdout] 47 |     fn update(&self, vehicle: &mut Vehicle, occupancy: &mut Occupancy, rng: &mut Box<Rng>) {
[INFO] [stdout]    |                                                                                      ^^^ help: use `dyn`: `dyn Rng`
[INFO] [stdout] 
[INFO] [stdout] 
[INFO] [stdout] warning: trait objects without an explicit `dyn` are deprecated
[INFO] [stdout]   --> src/steps/lookahead_driver.rs:96:117
[INFO] [stdout]    |
[INFO] [stdout] 96 |     fn init(lookahead: usize, vehicle: usize, destination: Vec<usize>) -> (LookaheadDriver, Vehicle, Occupancy, Box<Rng>) {
[INFO] [stdout]    |                                                                                                                     ^^^ help: use `dyn`: `dyn Rng`
[INFO] [stdout] 
[INFO] [stdout] 
[INFO] [stdout] warning: trait objects without an explicit `dyn` are deprecated
[INFO] [stdout]    --> src/steps/lookahead_driver.rs:100:22
[INFO] [stdout]     |
[INFO] [stdout] 100 |         let rng: Box<Rng> = Box::new(rand::thread_rng());
[INFO] [stdout]     |                      ^^^ help: use `dyn`: `dyn Rng`
[INFO] [stdout] 
[INFO] [stdout] 
[INFO] [stdout] warning: trait objects without an explicit `dyn` are deprecated
[INFO] [stdout]    --> src/steps/lookahead_driver.rs:267:26
[INFO] [stdout]     |
[INFO] [stdout] 267 |         let mut rng: Box<Rng> = Box::new(rand::thread_rng());
[INFO] [stdout]     |                          ^^^ help: use `dyn`: `dyn Rng`
[INFO] [stdout] 
[INFO] [stdout] 
[INFO] [stdout] warning: trait objects without an explicit `dyn` are deprecated
[INFO] [stdout]    --> src/steps/lookahead_driver.rs:289:26
[INFO] [stdout]     |
[INFO] [stdout] 289 |         let mut rng: Box<Rng> = Box::new(rand::thread_rng());
[INFO] [stdout]     |                          ^^^ help: use `dyn`: `dyn Rng`
[INFO] [stdout] 
[INFO] [stdout] 
[INFO] [stdout] warning: trait objects without an explicit `dyn` are deprecated
[INFO] [stdout]   --> src/steps/block_occupier.rs:17:87
[INFO] [stdout]    |
[INFO] [stdout] 17 |     fn update(&self, vehicle: &mut Vehicle, occupancy: &mut Occupancy, _rng: &mut Box<Rng>) {
[INFO] [stdout]    |                                                                                       ^^^ help: use `dyn`: `dyn Rng`
[INFO] [stdout] 
[INFO] [stdout] 
[INFO] [stdout] warning: trait objects without an explicit `dyn` are deprecated
[INFO] [stdout]   --> src/steps/block_occupier.rs:37:87
[INFO] [stdout]    |
[INFO] [stdout] 37 |     fn update(&self, vehicle: &mut Vehicle, occupancy: &mut Occupancy, _rng: &mut Box<Rng>) {
[INFO] [stdout]    |                                                                                       ^^^ help: use `dyn`: `dyn Rng`
[INFO] [stdout] 
[INFO] [stdout] 
[INFO] [stdout] warning: trait objects without an explicit `dyn` are deprecated
[INFO] [stdout]   --> src/steps/block_occupier.rs:65:26
[INFO] [stdout]    |
[INFO] [stdout] 65 |         let mut rng: Box<Rng> = Box::new(rand::thread_rng());
[INFO] [stdout]    |                          ^^^ help: use `dyn`: `dyn Rng`
[INFO] [stdout] 
[INFO] [stdout] 
[INFO] [stdout] warning: trait objects without an explicit `dyn` are deprecated
[INFO] [stdout]   --> src/steps/block_occupier.rs:78:26
[INFO] [stdout]    |
[INFO] [stdout] 78 |         let mut rng: Box<Rng> = Box::new(rand::thread_rng());
[INFO] [stdout]    |                          ^^^ help: use `dyn`: `dyn Rng`
[INFO] [stdout] 
[INFO] [stdout] 
[INFO] [stdout] warning: trait objects without an explicit `dyn` are deprecated
[INFO] [stdout]   --> src/steps/block_occupier.rs:92:26
[INFO] [stdout]    |
[INFO] [stdout] 92 |         let mut rng: Box<Rng> = Box::new(rand::thread_rng());
[INFO] [stdout]    |                          ^^^ help: use `dyn`: `dyn Rng`
[INFO] [stdout] 
[INFO] [stdout] 
[INFO] [stdout] warning: trait objects without an explicit `dyn` are deprecated
[INFO] [stdout]    --> src/steps/block_occupier.rs:107:26
[INFO] [stdout]     |
[INFO] [stdout] 107 |         let mut rng: Box<Rng> = Box::new(rand::thread_rng());
[INFO] [stdout]     |                          ^^^ help: use `dyn`: `dyn Rng`
[INFO] [stdout] 
[INFO] [stdout] 
[INFO] [stdout] warning: trait objects without an explicit `dyn` are deprecated
[INFO] [stdout]    --> src/steps/block_occupier.rs:121:26
[INFO] [stdout]     |
[INFO] [stdout] 121 |         let mut rng: Box<Rng> = Box::new(rand::thread_rng());
[INFO] [stdout]     |                          ^^^ help: use `dyn`: `dyn Rng`
[INFO] [stdout] 
[INFO] [stdout] 
[INFO] [stdout] warning: trait objects without an explicit `dyn` are deprecated
[INFO] [stdout]    --> src/steps/block_occupier.rs:136:26
[INFO] [stdout]     |
[INFO] [stdout] 136 |         let mut rng: Box<Rng> = Box::new(rand::thread_rng());
[INFO] [stdout]     |                          ^^^ help: use `dyn`: `dyn Rng`
[INFO] [stdout] 
[INFO] [stdout] 
[INFO] [stdout] warning: trait objects without an explicit `dyn` are deprecated
[INFO] [stdout]    --> src/steps/block_occupier.rs:152:26
[INFO] [stdout]     |
[INFO] [stdout] 152 |         let mut rng: Box<Rng> = Box::new(rand::thread_rng());
[INFO] [stdout]     |                          ^^^ help: use `dyn`: `dyn Rng`
[INFO] [stdout] 
[INFO] [stdout] 
[INFO] [stdout] warning: trait objects without an explicit `dyn` are deprecated
[INFO] [stdout]   --> src/steps/traffic_lights.rs:13:24
[INFO] [stdout]    |
[INFO] [stdout] 13 |     timer: RefCell<Box<Timer>>,
[INFO] [stdout]    |                        ^^^^^ help: use `dyn`: `dyn Timer`
[INFO] [stdout] 
[INFO] [stdout] 
[INFO] [stdout] warning: trait objects without an explicit `dyn` are deprecated
[INFO] [stdout]   --> src/steps/traffic_lights.rs:19:59
[INFO] [stdout]    |
[INFO] [stdout] 19 |     pub fn new(nodes: Vec<Vec<usize>>, timer: RefCell<Box<Timer>>, occupancy: &mut Occupancy) -> TrafficLights {
[INFO] [stdout]    |                                                           ^^^^^ help: use `dyn`: `dyn Timer`
[INFO] [stdout] 
[INFO] [stdout] 
[INFO] [stdout] warning: trait objects without an explicit `dyn` are deprecated
[INFO] [stdout]    --> src/steps/traffic_lights.rs:109:22
[INFO] [stdout]     |
[INFO] [stdout] 109 |         let rng: Box<Rng> = Box::new(rand::thread_rng());
[INFO] [stdout]     |                      ^^^ help: use `dyn`: `dyn Rng`
[INFO] [stdout] 
[INFO] [stdout] 
[INFO] [stdout] warning: trait objects without an explicit `dyn` are deprecated
[INFO] [stdout]    --> src/steps/traffic_lights.rs:129:22
[INFO] [stdout]     |
[INFO] [stdout] 129 |         let rng: Box<Rng> = Box::new(rand::thread_rng());
[INFO] [stdout]     |                      ^^^ help: use `dyn`: `dyn Rng`
[INFO] [stdout] 
[INFO] [stdout] 
[INFO] [stdout] error: aborting due to 2 previous errors; 9 warnings emitted
[INFO] [stdout] 
[INFO] [stdout] 
[INFO] [stdout] For more information about this error, try `rustc --explain E0432`.
[INFO] [stdout] 
[INFO] [stderr] error: could not compile `hanger_lane`.
[INFO] [stderr] 
[INFO] [stderr] To learn more, run the command again with --verbose.
[INFO] [stderr] warning: build failed, waiting for other jobs to finish...
[INFO] [stdout] error: aborting due to 4 previous errors; 23 warnings emitted
[INFO] [stdout] 
[INFO] [stdout] 
[INFO] [stdout] For more information about this error, try `rustc --explain E0432`.
[INFO] [stdout] 
[INFO] [stderr] error: build failed
[INFO] running `Command { std: "docker" "inspect" "aa1c81f9603e28b0c79e21ffcbedec59e9b03b130886b6cca4c58ab06e35118f", kill_on_drop: false }`
[INFO] running `Command { std: "docker" "rm" "-f" "aa1c81f9603e28b0c79e21ffcbedec59e9b03b130886b6cca4c58ab06e35118f", kill_on_drop: false }`
[INFO] [stdout] aa1c81f9603e28b0c79e21ffcbedec59e9b03b130886b6cca4c58ab06e35118f
